late the greatest common factor of 4 and y.
2
Let t be 2*12 + 0/(-2). Let u(g) = 80*g + 406. Let r be u(-5). Calculate the highest common factor of t and r.
6
Suppose 0 = -2*w - 363 - 273. Let h = -227 - w. Suppose -h - 224 = -7*q. What is the highest common divisor of 5 and q?
5
Let y(k) = k**3 - 7*k**2 + 6*k + 8. Suppose 0 = -2*c + c + 6. Let f be y(c). Suppose -5*q - f = -78. What is the highest common factor of 56 and q?
14
Let v = -435 - -460. What is the greatest common factor of 1225 and v?
25
Suppose r - 4*z - 81 = 0, 4*r = -0*z - 2*z + 342. Suppose 0 = 2*c - s - 67, 3*s = 4*c - r - 46. What is the highest common divisor of 70 and c?
35
Suppose -2*a + 3*h + 123 = -19, 3*a - 3*h = 219. Calculate the highest common factor of a and 7.
7
Let n be (-609)/((-5)/(-2) - (0 + 4)). Calculate the highest common factor of n and 28.
14
Let p be (35/(-20))/((-5)/(8*15)). What is the greatest common factor of 48 and p?
6
Let h(c) = 5*c**2 - 22*c - 201. Let d be h(-7). What is the highest common divisor of 36 and d?
18
Let u be (-1 + 112/6 + -3)*3. Let w = -18 + u. What is the greatest common factor of 182 and w?
26
Let q be -24*(-5)/(15/14). Suppose -4*w + 144 = 5*j, j - 3*j + w + 55 = 0. Calculate the highest common divisor of j and q.
28
Let l(t) = 6*t - 2. Let w(a) = -4*a - 5. Let n be w(-3). Let m(k) = -k + 10. Let v be m(n). Let z be l(v). Calculate the highest common divisor of z and 64.
16
Let y(p) = p**2 + 5*p + 7. Let d be y(-7). Calculate the highest common divisor of d and 105.
21
Let p(r) = r - 11. Let f be p(14). Suppose 0 = f*l - 68 - 112. Calculate the greatest common factor of l and 150.
30
Let t = -188 - -370. Calculate the highest common divisor of 26 and t.
26
Suppose 4*q - 3*u - 151 = 0, -2*u + 0*u - 194 = -5*q. Suppose 5*c + 0*n = -2*n + 306, 2*c - 2*n = 114. What is the highest common factor of c and q?
20
Let v(t) = -t**3 - 3*t**2 - 3*t - 1. Let q be v(-3). Suppose 200 = 2*i + q*i. Calculate the greatest common divisor of i and 16.
4
Let v = -27 + 31. Let z be (1 + -2 - 1) + v. What is the greatest common divisor of 2 and z?
2
Let a(o) be the first derivative of 4*o**3/3 + o**2/2 + 4*o - 21. Let q be a(-4). What is the highest common factor of 8 and q?
8
Let w(z) = 0 - 18 - 63*z - z**2 + 48*z. Let d be w(-7). What is the highest common factor of d and 57?
19
Let q(y) = 39*y**2 + 64*y - 10. Let u be q(-6). Calculate the highest common divisor of 10 and u.
10
Let o be (-1 + 2 + 2)/((-42)/(-1372)). Suppose -4*u = -5*u + o. Calculate the highest common divisor of u and 14.
14
Let n be (-2)/5 - 4/(-10). Suppose 15 = -5*k + 5*a, -3*a + n = 3*k - 3. Let x = 5 + k. What is the greatest common factor of 6 and x?
2
Suppose -c + 2 = 0, -2*c = 3*b - 625 - 63. What is the highest common factor of b and 36?
12
Let u = 109 - 108. Suppose -i + 2*o = -71, -2*o = 9 - u. What is the greatest common divisor of i and 42?
21
Let h(l) = l**2 + l - 1. Let z be h(2). Let d be 5 - (-1 + -3 + z). Suppose t = -d*t + 100. What is the greatest common divisor of t and 40?
20
Let n(p) = p**3 + 9*p**2 + p + 5. Suppose 0 = 7*c - 5*c + 18. Let u be n(c). Let b be -1*(340/u)/1. Calculate the highest common factor of 17 and b.
17
Let o = 362 - 352. What is the greatest common divisor of 130 and o?
10
Let b be 12/10 + 2/(-10). Let i be (2 - (-82 - -4)) + 4. Let c be 1/(-4) + i/16. What is the highest common divisor of b and c?
1
Suppose -l + 3*g - g + 10 = 0, -5*g - 22 = -l. Suppose 8*y = 6*y + 6. Suppose q - 15 = -3*u, 2*q + u - 32 = -y*u. What is the highest common divisor of l and q?
2
Let l(s) = s**2 - 51*s - 74. Let t be l(53). What is the highest common divisor of 736 and t?
32
Let i(c) = -c**2 - 7*c - 5. Let m be i(-6). Let b be 13 + (-12 - (-10 - -3)). What is the greatest common factor of b and m?
1
Let y be (-6372)/(-144)*160/6. What is the highest common divisor of y and 40?
20
Let y be 5 + -4 + 133/1 - -4. What is the highest common factor of y and 4?
2
Let o(x) = x + 3. Let m be o(9). Let v(l) = 10*l + 15. Let c be v(m). What is the greatest common factor of 27 and c?
27
Suppose r = -2*r + 1776. Suppose 2*y + 28 = r. Suppose -3*z + 3*k = -261, -3*z + y - 16 = 2*k. Calculate the greatest common divisor of 8 and z.
8
Suppose -3*s = s - 20, 3*s - 179 = -4*g. Calculate the greatest common factor of 41 and g.
41
Let h be 44 - (-2 + 2 + 4). Let c = -10 + h. What is the highest common factor of 45 and c?
15
Let r(j) = j**3 - 3*j**2 - 3*j + 31. Let k be r(4). What is the greatest common factor of k and 35?
35
Suppose -2*b = 5*b - 35. Suppose -5*k = -5*v + 210, -6 = b*k - 16. Calculate the greatest common divisor of 4 and v.
4
Suppose -3*z - 2*x = 2, -3*z - x = 3*x + 10. Suppose 0 = z*i - 13 - 17. What is the greatest common divisor of i and 6?
3
Suppose 3*g = 6, 72*n - 2*g = 70*n + 802. Calculate the greatest common factor of n and 62.
31
Let o(q) = q**3 + 3*q**2 - 10*q + 9. Let n be o(-5). Suppose -y = -4*g + 45, 7*y - 2*y = 2*g - n. What is the greatest common factor of 84 and g?
12
Suppose -3*i = -o + 269 + 659, 0 = -3*i. Calculate the greatest common divisor of 29 and o.
29
Let t be (-6)/(-27) + (-160)/(-9). Let l(v) = -v**3 - 4*v**2 + 9*v + 2. Let r be l(-6). Suppose t*b = r*b - 72. What is the highest common divisor of 4 and b?
4
Let u be 4/(-2) + (4 - -32). Let n = u + -25. Let v = 16 + 56. Calculate the greatest common factor of v and n.
9
Suppose -2 = -4*j - 18. Let r be (-110)/j*(-42)/(-35). Suppose -2*l = 5*n - 55, 0 = 3*n - 5*l - 10 - 23. Calculate the greatest common factor of n and r.
11
Let l = 10 + -14. Let d(t) = 2*t**2 + 4*t - 8. Let r be d(l). Suppose -36 = -3*b + 4*i, b - 5*b = -3*i - 48. Calculate the greatest common factor of b and r.
4
Suppose -7*g + 3*g - 4 = 0. Let p be (13 - 16)/(0 + g). Suppose p*b + 34 = 88. What is the highest common divisor of 27 and b?
9
Let j = 2731 + -2614. What is the highest common factor of 624 and j?
39
Let l(a) = -2*a - 1 + 0 - 5 - 4. Let y be l(-7). Suppose -y*n = w - 5*w + 172, 0 = -3*w - n + 109. What is the highest common divisor of w and 57?
19
Suppose -5*y + 0*y - 5 = -3*q, 2*y + 3*q + 2 = 0. Let v(g) = 7*g**2 + g + 2. Let l be v(y). What is the highest common divisor of 40 and l?
8
Let i be (15/(-12))/(1/(-28)). Calculate the highest common factor of i and 5.
5
Let n = 4188 - 2335. What is the greatest common divisor of 218 and n?
109
Suppose 0 = 5*b - 2*c - 3672 - 4718, 4*c - 3380 = -2*b. What is the highest common factor of b and 32?
16
Let j = 241 + -234. What is the highest common factor of j and 3?
1
Let u(c) = c + 25. Let n be u(-7). Calculate the highest common divisor of n and 6.
6
Suppose -19*a - 75 + 1234 = 0. What is the greatest common factor of 61 and a?
61
Let u(y) = -20 - y**2 + 74*y - 37*y - 52*y. Let c be u(-7). Calculate the greatest common factor of c and 72.
36
Suppose -385 = -3*f - 5*m, -2*f + 266 = -m + 2*m. Let b = -1727 + 1742. Calculate the highest common divisor of b and f.
15
Suppose 5*k = -78*k + 23655. Calculate the highest common divisor of k and 120.
15
Let l be (42/15)/((-1)/(-25)). Suppose 3*b - 315 = -0*t - 5*t, -t - 2*b + l = 0. Suppose -3*g - t = -6*g. Calculate the greatest common factor of 8 and g.
4
Suppose -5*z - 22 = -2*h - 31, 12 = 4*z. Calculate the highest common divisor of h and 96.
3
Suppose 4*c = 120 + 120. Calculate the highest common divisor of 132 and c.
12
Suppose 7 = -2*b + 25. Suppose -43*j = -40*j - 135. Calculate the greatest common divisor of b and j.
9
Let n(q) = 3*q**2 + 4*q**2 - 63 - q**2 + 61. Let f be n(-3). Calculate the highest common divisor of f and 78.
26
Let y = 16 - 16. Suppose 0*p - p + 72 = y. Suppose -6 = -m + 18. Calculate the highest common factor of p and m.
24
Let q = 987 - 985. What is the highest common divisor of q and 3?
1
Let a = -938 - -966. What is the highest common factor of 35 and a?
7
Suppose -4*n + 27 = -565. Let h = n - 106. Let o = 130 + -67. What is the greatest common divisor of o and h?
21
Suppose 165 + 276 = 7*o. Let h be (-2 + o)*(4 + -3). What is the highest common divisor of 122 and h?
61
Let b be ((-255)/18 + (-16)/(-24))*-4. Calculate the greatest common factor of 30 and b.
6
Let g be 15 - 14 - (55 - 1*-2). Let w = g - -65. What is the greatest common divisor of 63 and w?
9
Let i(j) = 4*j - 28. Sup